?
0
Suppose -48*x - 44 = -52*x. Suppose 3*j + 2*j - 220 = 0. Suppose -x = -w + j. What is the remainder when w is divided by 19?
17
Suppose w - 4*i - 60 = 0, -i + 129 = -5*w + 353. What is the remainder when w is divided by 16?
12
Calculate the remainder when 265 is divided by (-26)/(-156) + (-166)/(-12).
13
Suppose -3*l + 33 = -108. What is the remainder when l is divided by (105/(-4 + -3))/((-5)/6)?
11
Let j(i) = i**2 + 7*i + 16. What is the remainder when j(-9) is divided by (-2)/13 + 3486/182?
15
Let t = -199 + 109. Let n = -51 - t. What is the remainder when 193 is divided by n?
37
Suppose -4*o + 72 + 56 = 0. Suppose 0 = -i - 6 + o. What is the remainder when 76 is divided by i?
24
Suppose 11*w - 332 = 7*w. Calculate the remainder when w is divided by 24.
11
Let m = 247 - 175. What is the remainder when m is divided by 8?
0
What is the remainder when -1 + 245 - (12 + -5) is divided by 8?
5
Calculate the remainder when 182 is divided by 472*30/280 + 8/(-14).
32
Let g(a) = a**3 - 27*a**2 + a - 30. Let n be g(27). Calculate the remainder when 27*1*(1 + 0) is divided by (2/(-6))/(n/90).
7
Let s = 42 + -29. Let t be (-4)/(-14) + 24/14. Suppose w - a = 33, 0 = -t*w - a + 2*a + 71. Calculate the remainder when w is divided by s.
12
What is the remainder when 6/11 - 9950/(-110) is divided by (-2)/6 + (-94)/(-3)?
29
Suppose -8*j + 9*j = 5. Suppose 5*t - 65 = -5*f, -59 = -j*t - 6*f + 4*f. Let l(s) = -s**3 - 5*s**2 - 4. Calculate the remainder when l(-6) is divided by t.
10
Suppose -5*z - a + 29 = 0, 4*z - 2*a = 3 + 23. What is the remainder when 94 is divided by z?
4
Calculate the remainder when (4/2)/((-52)/(-3718)) is divided by 4.
3
Suppose 32 = 2*d + 2. Suppose -2*p - d = -29. What is the remainder when p is divided by 5?
2
Let x(f) = -13*f + 10*f - 12*f - 5. Calculate the remainder when x(-4) is divided by 28.
27
Let h = 13 + -7. Let c(f) = 9 - 3 - 3*f**2 + 5*f**2 - 9*f + 9*f**2 - f**3. What is the remainder when c(10) is divided by h?
4
Let d = 32 + 9. Let t = -18 + -49. Let m = t - -89. What is the remainder when d is divided by m?
19
Let v(g) = 2*g**2 + 22*g - 10. Calculate the remainder when 81 is divided by v(-12).
11
What is the remainder when (-15035)/(-85) + -2 - 20/(-170) is divided by 11?
10
Let a(k) = -4*k - 101. What is the remainder when 178 is divided by a(-29)?
13
Suppose -q - 36*k = -32*k - 8, 0 = q - 5*k - 44. What is the remainder when 49 is divided by q?
1
Let w be (-192)/(-80)*5/2. Suppose -3*j - w = -4*j - 2*u, -j = -4*u + 6. Suppose -j*m + 40 + 36 = 0. What is the remainder when m is divided by 10?
8
Suppose -4*m + 107 = r, 3*r = -4*m + r + 106. What is the remainder when m is divided by 8?
3
Suppose 23*q - 941 - 2210 = 0. What is the remainder when q is divided by 58?
21
Suppose 13*q + 75 - 1050 = 0. Suppose 55 = -2*k + q. Calculate the remainder when k is divided by 5.
0
Suppose -n = -35*n + 612. Suppose 0 = 5*l - 0 - 5, 2*f - 67 = -l. Calculate the remainder when f is divided by n.
15
Let l(c) = -3*c - 9. Let i be l(-6). Let r = 12 - i. Suppose -r = -n + 5. Calculate the remainder when 23 is divided by n.
7
Let h(r) = -r**2 - 10*r + 15. Let k be h(-11). Suppose -11*i + 91 = -k*i. Let w = 23 - -1. Calculate the remainder when w is divided by i.
11
Suppose -6 = 2*l - 54. Let u(v) = -9*v**3 - 2*v**2 - v + 5. Calculate the remainder when u(-2) is divided by l.
23
Let q = 11 - 15. Let a(g) = -g**2 - 5*g - 2. Let s be a(q). Suppose s*d = 7*d - 125. Calculate the remainder when 97 is divided by d.
22
Suppose -2*q + 115 = 3*q + 5*o, 0 = q - o - 25. Suppose -5*c = 5*n - 225, -5 = 2*n + 1. Suppose c = f + 2. Calculate the remainder when f is divided by q.
22
Let o = 12 - 10. Let y be -3 + 1 + (-32)/(-16). Suppose m + 4*h = y, 2*m - 2 = -4*h + 2. Calculate the remainder when m is divided by o.
0
Let u = 4 + -53. Let a be 28/u - (-32)/7. Suppose a = o, 2*n - n - 23 = 4*o. What is the remainder when n is divided by 14?
11
Let n = 246 - 212. Calculate the remainder when 56 is divided by n.
22
Suppose 80*m = 9*m + 1065. Suppose -27 = -3*f + 102. What is the remainder when f is divided by m?
13
Let l = -79 - -147. Calculate the remainder when l is divided by 7.
5
Let a(b) = -b**3 - 5*b**2 + 4*b + 6. Let q be a(-6). Suppose 80 = q*h - 13*h. Calculate the remainder when 23 is divided by h.
7
Let i(y) = -2*y**3 - 4*y**2 + 3*y + 3. Let j be i(-3). Suppose -j*k + 29 = -11*k. What is the remainder when k is divided by 64/6 - (-2)/6?
7
Let m be 6*((-34)/(-4) + 0). Let b be -2 - 8/(-12)*m. Suppose 4*t - 40 = b. Calculate the remainder when 52 is divided by t.
16
Suppose -5*p + 2*z = -140, -z = -2*p - 0 + 56. What is the remainder when 107 is divided by p?
23
Suppose -80 = -7*f + 368. Calculate the remainder when f is divided by 22.
20
Suppose -22 = -5*r + t + 13, 0 = 2*t. Calculate the remainder when r is divided by 5.
2
Let j = 219 + -105. Calculate the remainder when j is divided by 58.
56
Suppose -8 = 3*p - 14. Suppose -2*h = p*h - 40. Let j = h + -1. Calculate the remainder when 17 is divided by j.
8
Suppose 3*x - 37 = 3*k - 187, 3*k - 160 = x. Calculate the remainder when 121 is divided by k.
11
Let q(w) = 15*w + 353. What is the remainder when q(-13) is divided by 15?
8
Let q be 18/5 + (-4)/(80/12). Let t(o) = 14*o - 12. Calculate the remainder when 89 is divided by t(q).
29
Suppose -3*n - n + 92 = 0. Suppose 5*x = -t + 68, 5*x - x - 40 = 4*t. What is the remainder when n is divided by x?
10
Suppose 0*m = 2*m - 8. Suppose m*r = -0*r + 120. Let c(l) = l**3 - 13*l**2 - 7*l - 9. Calculate the remainder when c(14) is divided by r.
29
Let n = -12 - -12. Suppose 2*r - 22 = -n. What is the remainder when 74 is divided by r?
8
Let y(p) = p**3 - 3*p**2 + 6. Calculate the remainder when 107 is divided by y(2).
1
Let j be 1*(0 - (4 + -4)) + 3. Suppose -4*a + 2*b = -160, -186 = -5*a + 4*b + 14. What is the remainder when a is divided by (j + 11/(-2))*28/(-5)?
12
Suppose 0 = -4*b + z + 315, -4*b + 3*z - 7*z = -340. What is the remainder when b is divided by 28?
24
Let m(l) = -l**3 + 8*l**2 - 4*l - 2. Suppose 2*v = 5*v - 48. Suppose -5*x + 14 = -v. What is the remainder when m(x) is divided by 16?
14
Let o(b) = -3*b + 7. Let w(s) = -7*s + 15. Let p(x) = 13*o(x) - 6*w(x). What is the remainder when 29 is divided by p(3)?
9
Suppose 0 = -45*h + 37*h + 9768. What is the remainder when h is divided by 51?
48
Calculate the remainder when 294 is divided by ((-450)/(-135))/((-1)/(-18)).
54
Suppose -2*y - 21 = -23. Calculate the remainder when 23 is divided by ((-2)/4*2)/y - -6.
3
Let q = -11 + 11. Suppose q = 2*a - 42 + 4. Let m = a - 10. Calculate the remainder when m is divided by 5.
4
Let o = -741 - -858. What is the remainder when 245 is divided by o?
11
Let t be (-1)/((-2)/10*(7 - 6)). Suppose -v + t*v - 304 = -r, -379 = -5*v - r. What is the remainder when v is divided by 19?
18
Let w(y) = 8*y + 5*y**2 - 12*y**2 + 0*y**2 + 6*y**2. Calculate the remainder when 77 is divided by w(4).
13
Let j = -27 - -37. Suppose j*c - 4*c - 288 = 0. What is the remainder when c is divided by 25?
23
Suppose -2*g + 10 = 3*o, 6 = -0*o + 2*o + g. Suppose -2*d - 4*t = -36, -t = -3*d - o*t + 74. What is the remainder when d is divided by 9?
8
Let h = -13 - -233. What is the remainder when h is divided by 13?
12
Let b = 1116 - 1054. What is the remainder when b is divided by 35?
27
Let h = 310 + -171. Suppose -5*x - 112 = -232. What is the remainder when h is divided by x?
19
Suppose v = -3, w - 1346 = -0*w + v. What is the remainder when w is divided by 96?
95
Suppose -y - 4*a - 10 = 0, a = 2*y - a - 30. Let n(q) = -q**3 + 10*q**2 - 3*q + 41. What is the remainder when 29 is divided by n(y)?
7
Calculate the remainder when 1318 is divided by (1 - (-5 + 4))/(14/77).
9
Let j(u) = 78*u**3 - u**2 + 14*u - 15. What is the remainder when 137 is divided by j(1)?
61
Calculate the remainder when 118 is divided by (48/9)/(4/24).
22
Suppose 2*y - 64 = q, -4*y - 24 = 3*q + 118. Let g = q - -68. Calculate the remainder when 55 is divided by g.
13
Suppose -30*g + 59*g - 203 = 0. What is the remainder when 67 is divided by g?
4
What is the remainder when 116 is divided by 13/(7 + 30/(-5))?
12
Suppose -69*l + 144 = -57*l. Suppose -2*x + 25 - 5 = 0. Suppose -u = u - x. Calculate the remai